 -76. What is the tens digit of x?
8
Let g(c) = c**3 - 13*c**2 - 189*c + 132. What is the ten thousands digit of g(46)?
6
What is the units digit of 18311892/888 - 7/2?
8
Let p(x) = 16*x**2 - x - 9. Let k be p(-8). Suppose -3*g = -5*n + 5227, 24*g - k = -n + 19*g. What is the thousands digit of n?
1
Let a(n) = -n + 19. Let g(c) = 1. Let f(h) = a(h) - 6*g(h). Let b be f(11). Suppose 193 = b*y - 3*t, 4*t + 36 = 2*y - 162. What is the units digit of y?
9
Let p(o) = 4037*o**3 - o**2 + 19*o - 18. What is the units digit of p(1)?
7
What is the thousands digit of 1875 + (-343 - -342)*(1 + -1 - 1)?
1
Let q = -6893 - -20961. What is the units digit of q?
8
Suppose -3*z = -6*l + 23574, -5*l - 4*z + 17919 = -1700. What is the thousands digit of l?
3
Suppose 243*k = 248*k - 3*c - 54672, 0 = 5*c - 5. What is the units digit of k?
5
What is the units digit of (-128788)/(-15) - (0 + 8/(-60))?
6
Let b(q) = 4*q**3 + 20*q**2 - 19*q - 12. Let z be b(10). Suppose -62*d + z = -49*d. What is the units digit of d?
6
Let n be 308/(-6) + 5/(-30)*-2. Let s = n + -90. Let h = s + 225. What is the tens digit of h?
8
Let m = 203 - 210. Let d(h) = 8*h**2 + 2*h - 9. What is the tens digit of d(m)?
6
Let s(v) = -2777*v - 3257. What is the hundreds digit of s(-5)?
6
Let n be -5*(-8)/(-20) + 2. Suppose n*y = -2*h - y + 553, -3*y = -h + 266. What is the tens digit of h?
7
Suppose -l + 3 = 1. Let s(m) = -3*m**2 + m**3 + 13 + 34*m - 9*m + 19*m**l. What is the units digit of s(-14)?
5
Suppose -322*l - 5*f + 3103 = -318*l, -4*f - 3930 = -5*l. What is the hundreds digit of l?
7
Let b = 9654 + -6701. What is the hundreds digit of b?
9
Let l = -8978 + 27121. What is the tens digit of l?
4
Let d(r) = 2*r**2 + 3*r + 2. Let n be d(-2). Let w(x) = 131*x + 15. Let a(o) = 33*o - 2. Let i(t) = -2*a(t) + w(t). What is the units digit of i(n)?
9
Let z(t) = -t**3 - 22*t**2 + t + 4904. What is the tens digit of z(0)?
0
Suppose 3453455 = 496*o - 154*o - 7014823. What is the thousands digit of o?
0
Suppose 3*p = -5*s + 168167, -p = -2*s + 41644 + 25614. What is the units digit of s?
1
Let c be ((-138)/115)/(2 + 203/(-100)). Suppose 5*y - 5 = -c. What is the units digit of (-2)/y - 5376/(-49)?
0
Let a = 213739 + -144380. What is the hundreds digit of a?
3
Let q(g) = g - 69. Let i be q(33). What is the tens digit of -836*(-1*3 + (-90)/i)?
1
Let y(r) = 11*r**3 + 4*r**2 - 13*r + 31. Let p be y(4). Suppose 11*t = 8*t + p. What is the units digit of t?
9
Suppose 0 = -1354*u + 1308*u + 387918. What is the hundreds digit of u?
4
Suppose 0 = -5*q, -4*x - 1112 = -6*x + q. Let f = 102 + x. What is the units digit of f?
8
Let f(r) = 39*r**2 - 3*r - 6. Let p be f(-5). Suppose 6*n - 5*n + 4*x - p = 0, x - 4 = 0. What is the tens digit of n/6*(-9)/(-6)?
4
Suppose 0 = 4*j + 4*v - 424, v - 7 + 10 = 0. Suppose 105*k = j*k - 1784. What is the hundreds digit of k?
4
Let v(i) = -9*i + 13*i**2 + 7*i - 20*i**2 + 8 + 3*i**3. What is the units digit of v(6)?
2
Suppose 0 = 105*k - 106*k + 1746. Suppose 0 = -3*m - 5*v + 1320, -3*m + k = m + 2*v. Suppose 0 = -18*y + 21*y - m. What is the units digit of y?
5
Let j be (-1 - -17) + (3 - 4). Let t(b) = 2*b - 10. Let h be t(8). What is the hundreds digit of (0 - (-955)/j)/(2/h)?
1
Suppose 30*v - 11*v + 14*v = 269940. What is the tens digit of v?
8
Suppose 3*b + 9 = -2*g - 2, -20 = 5*g. What is the tens digit of 388/(-2)*b/2?
9
Let u be 1485/21 + (-4)/(-14). Let t = 4867 - 4569. Let w = t - u. What is the hundreds digit of w?
2
What is the tens digit of 3511*2 + (-160)/40 + -8?
1
Let k(b) = -17*b - 1. Let r(o) = 33*o + 8. Let x(c) = -3*k(c) - r(c). Let d = -1 + 2. What is the units digit of x(d)?
3
Suppose 2*m - 10 = 0, 5*m + 26723 + 22006 = 2*w. What is the hundreds digit of w?
3
Suppose f - 5*u = -3, 0 = 2*f - 6*u + 2*u. What is the units digit of (f/(-8))/(5 + 5541/(-1108))?
7
Suppose s + 14*o = 12*o + 50866, s - 15*o = 50934. What is the tens digit of s?
7
Let x(t) = -1125*t + 2779. What is the hundreds digit of x(-46)?
5
Let m(k) = k**2 + 7*k + 89. Let d = -301 - -270. What is the hundreds digit of m(d)?
8
Suppose 5*l + 4*h - 961 - 3697 = 0, 0 = -h - 3. What is the tens digit of l?
3
Let s = 135 - 191. What is the tens digit of -102*1*s/21?
7
Suppose 3*k + 9 = 18. Suppose -2*m + y = -10, k*m + 3*y = 12 + 3. Suppose 2*p = -m*t + 139, -3*t - 5*p = -52 - 20. What is the tens digit of t?
2
Suppose 2*x = -v + 23671, 7*x = v + 2*v + 82881. What is the ten thousands digit of x?
1
Let p = -7821 - -14626. What is the tens digit of p?
0
What is the thousands digit of 128731/4 - (-15 + 590/40)?
2
Suppose 24*m + 28 = 31*m. Suppose -3*a + 1008 = -3*x + 312, -3*a - m*x + 724 = 0. What is the units digit of a?
6
What is the hundreds digit of 12286/(-3)*((-1)/(-8) + 10439/(-1144))?
8
Let l be 2/(-10) - (-17)/((-765)/(-144)). Suppose -v + 115 = -3*r + 2364, 15 = -l*v. What is the hundreds digit of r?
7
Suppose -4*j = 3*g - 23, -2*g + 5*j + 46 = -0*g. Let t = 5 + g. What is the units digit of 12/t*9/2?
3
Let j = 105 - 71. Suppose 49*h - j*h - 18300 = 0. What is the hundreds digit of h?
2
Let u = -797 + 97. What is the hundreds digit of (-9*(-21)/9)/((-12)/u)?
2
Let q = 1693 + -1713. Let r(b) be the first derivative of b**4/4 + 19*b**3/3 - 27*b**2/2 + 10*b - 2. What is the tens digit of r(q)?
5
Let t(i) = i**2 + i - 1. Let v be t(1). Let o be ((-9)/(-7) - v) + (-13539)/(-21). Suppose q + 4*q - o = 0. What is the tens digit of q?
2
Suppose -10*d + 43137 = -16533. What is the thousands digit of d?
5
Let j(w) = 3*w + 37. Let a be j(-7). Let x = a + -22. Let g(c) = -12*c + 21. What is the tens digit of g(x)?
9
Let i = 10705 - 5489. What is the units digit of i?
6
Let o(f) = -2114*f - 4351. What is the tens digit of o(-8)?
6
Suppose -44*l + 42*l = -8. Suppose -u = -0 + 3, -q - l*u = 12. Suppose -h + 209 = -q*h. What is the hundreds digit of h?
2
Let u(s) = 1345*s**2 - 137*s - 138. What is the units digit of u(-1)?
4
Let v = -101 + 161. What is the tens digit of (-370)/v - -6 - (-10111)/6?
8
Suppose 142 = 3*z + 4*k, 0 = 4*z - 5*k + 84 - 294. Suppose 2426 + 20324 = z*g. What is the hundreds digit of g?
4
Let s = -243 - 588. Let p = s - -1223. What is the units digit of p?
2
Let w = 537 + 235. Let x = w - 407. What is the tens digit of x?
6
Let j(n) = -n**3 + 4. Let m be j(0). Suppose -31 = 3*c - 43. Suppose -w + 377 = 3*v - 3*w, 0 = m*w + c. What is the units digit of v?
5
Let p be 21 - 18 - (1*4)/(-2). Suppose 334 = -52*d + 53*d - 4*k, 0 = -p*k - 20. What is the hundreds digit of d?
3
Suppose -147*p + 141*p + 141066 = 0. What is the tens digit of p?
1
Suppose -2*c + 164 = 2*c - 4*k, 2*c + k - 91 = 0. Let a be 165/22*c/3. Suppose 0 = -g + 5*l + 38, -5*g + 5*l + 0*l = -a. What is the tens digit of g?
1
Let z be 2*(21/(-6) + 4). What is the hundreds digit of (2 + (z - -15))*(-267)/(-9)?
5
What is the thousands digit of (0 - (-16172)/14)/((-15)/(5775/(-55)))?
8
Let n(r) = r**3 + 111*r**2 - 158*r + 1343. What is the units digit of n(-111)?
1
Let q be 1/(-3 + 32/10). Suppose 20 = 2*d + 3*d - 5*v, 15 = 2*d + q*v. Suppose 2*r - 2*y - 184 = 0, -d*r - 4*y + 67 = -4*r. What is the units digit of r?
7
Suppose -4*c + f - 5*f = -32296, -4*f = -3*c + 24194. What is the units digit of c?
0
Suppose 0 = -0*m - 6*m + 1188. Suppose -m = -3*f + 3*w, 5*f - w - 276 = f. Let c = f + -49. What is the tens digit of c?
2
Let x be (-1 - 6/(-15)) + 115/25. Suppose -4*s - x = 8, 4*u - 4*s - 920 = 0. What is the units digit of u?
7
Let b be 4*((-6)/(-8) - 2). What is the units digit of ((-1035)/b - -5) + -1?
1
Let v = 1874 + -1057. What is the hundreds digit of v?
8
Let p(d) = -2*d - 15. Let m be p(-7). Let c(a) = -2*a**3 + a**2 - a - 2. Let n be c(m). Suppose -j + 269 = 5*h, n = -5*j - 3. What is the tens digit of h?
5
Suppose -4*j + 4 + 12 = 0. Suppose -j*w + 65 = -2*k - 3*k, 2*w + k = 15. What is the units digit of 705/(-6)*(-8)/w?
4
Let t = -10 - -18. Suppose -5*o + 2*u = -13, o + 5*u - t = -0*u. Suppose -o*x = x - 136. What is the tens digit of x?
3
Let c = -1338 - -3444. Suppose -370 = 7*z - c. What is the units digit of z?
8
Let o be 5 - ((-30)/8)/(24/(-1152)). Let l = 489 + o. What is the tens digit of l?
1
Let t = 831 + -535. Let v = t + -295. What is the units digit of v?
1
Let s(v) = -115*v + 2765. What is the ten 